{"id":849,"date":"2025-01-07T22:54:56","date_gmt":"2025-01-07T22:54:56","guid":{"rendered":"https:\/\/shop.live-tuning.com\/?product=hr-tieferlegungsfedern-mit-abe-va-20-ha-10-mm-2"},"modified":"2025-01-07T22:54:56","modified_gmt":"2025-01-07T22:54:56","slug":"hr-tieferlegungsfedern-mit-abe-va-20-ha-10-mm-2","status":"publish","type":"product","link":"https:\/\/shop.live-tuning.com\/?product=hr-tieferlegungsfedern-mit-abe-va-20-ha-10-mm-2","title":{"rendered":"H&#038;R Tieferlegungsfedern mit ABE VA 20 \/ HA 10 mm"},"content":{"rendered":"<h3>Die H&#038;R Sportfederns\u00e4tze sind die ideale L\u00f6sung, wenn Sie das Handling Ihres Automobils optimieren und eine sportliche Optik unter Beibehaltung des serienm\u00e4\u00dfigen Fahrkomforts erzielen m\u00f6chten. In der Hauseigenen Entwicklungsabteilung konstruieren engagierte Fahrwerksingenieure unsere H&#038;R Sportfeders\u00e4tze bzw. Tieferlegungsfedern unter Einhaltung strenger gesetzlicher Bestimmungen und eigener Vorgaben. Hierbei stehen sportliche Performance und Optik sowie alltagstaugliche Fahrdynamik im Vordergrund. Ausgiebige Probefahrten und Einbauversuche sind Teil dieses Entwicklungsprozesses. Mit H&#038;R Federn haben Sie nur geringe Einbu\u00dfen im Fahrkomfort. Die Fertigung der H&#038;R Tieferlegungsfedern findet ausschlie\u00dflich im Stammwerk Lennestadt statt. Mit mehr als 1.450 verschiedenen Sportfeders\u00e4tzen verf\u00fcgt H&#038;R \u00fcber eines der umfangreichsten Fahrwerks-Zubeh\u00f6rprogramme weltweit. Nat\u00fcrlich Made in Germany !!! <\/p>\n<p> Sportliche Optik und Performance<br \/>\n Absenkung des Fahrzeugschwerpunkts<br \/>\n lineare oder progressive Federungscharakteristik<br \/>\n kombinierbar mit Serien oder Nachr\u00fcststo\u00dfd\u00e4mpfern<br \/>\n Optimierte Fahrdynamik<br \/>\n Mit ABE oder Teilegutachten (siehe Hinweise)<br \/>\n eigene Entwicklung<br \/>\n eigene Fertigung in Deutschland (Made in Germany)<br \/>\n Oberfl\u00e4chenschutz durch Pulverbeschichtung<\/h3>\n<p>28789-3<\/p>\n<h4>Audi TTS Roadster + Coupe Quattro (Typ 8S\/FV (8J), ab 14) auch f\u00fcr Fahrzeuge mit MRC (Magnetic Ride Control), S-Line<\/h4>\n","protected":false},"excerpt":{"rendered":"<p>Die H&#038;R Sportfederns\u00e4tze sind die ideale L\u00f6sung, wenn Sie das Handling Ihres Automobils optimieren und eine sportliche Optik unter Beibehaltung des serienm\u00e4\u00dfigen Fahrkomforts erzielen m\u00f6chten. In der Hauseigenen Entwicklungsabteilung konstruieren engagierte Fahrwerksingenieure unsere H&#038;R Sportfeders\u00e4tze bzw. Tieferlegungsfedern unter Einhaltung strenger gesetzlicher Bestimmungen und eigener Vorgaben. Hierbei stehen sportliche Performance und Optik sowie alltagstaugliche Fahrdynamik im &hellip; <a href=\"https:\/\/shop.live-tuning.com\/?product=hr-tieferlegungsfedern-mit-abe-va-20-ha-10-mm-2\" class=\"more-link\">Continue reading<span class=\"screen-reader-text\"> &#8222;H&#038;R Tieferlegungsfedern mit ABE VA 20 \/ HA 10 mm&#8220;<\/span><\/a><\/p>\n","protected":false},"featured_media":690,"template":"","meta":[],"product_brand":[],"product_cat":[21],"product_tag":[],"class_list":{"0":"post-849","1":"product","2":"type-product","3":"status-publish","4":"has-post-thumbnail","6":"product_cat-tieferlegungsfedern","8":"first","9":"instock","10":"purchasable","11":"product-type-simple"},"jetpack_sharing_enabled":true,"_links":{"self":[{"href":"https:\/\/shop.live-tuning.com\/index.php?rest_route=\/wp\/v2\/product\/849","targetHints":{"allow":["GET"]}}],"collection":[{"href":"https:\/\/shop.live-tuning.com\/index.php?rest_route=\/wp\/v2\/product"}],"about":[{"href":"https:\/\/shop.live-tuning.com\/index.php?rest_route=\/wp\/v2\/types\/product"}],"wp:featuredmedia":[{"embeddable":true,"href":"https:\/\/shop.live-tuning.com\/index.php?rest_route=\/wp\/v2\/media\/690"}],"wp:attachment":[{"href":"https:\/\/shop.live-tuning.com\/index.php?rest_route=%2Fwp%2Fv2%2Fmedia&parent=849"}],"wp:term":[{"taxonomy":"product_brand","embeddable":true,"href":"https:\/\/shop.live-tuning.com\/index.php?rest_route=%2Fwp%2Fv2%2Fproduct_brand&post=849"},{"taxonomy":"product_cat","embeddable":true,"href":"https:\/\/shop.live-tuning.com\/index.php?rest_route=%2Fwp%2Fv2%2Fproduct_cat&post=849"},{"taxonomy":"product_tag","embeddable":true,"href":"https:\/\/shop.live-tuning.com\/index.php?rest_route=%2Fwp%2Fv2%2Fproduct_tag&post=849"}],"curies":[{"name":"wp","href":"https:\/\/api.w.org\/{rel}","templated":true}]}}