{"id":860,"date":"2025-01-07T22:54:56","date_gmt":"2025-01-07T22:54:56","guid":{"rendered":"https:\/\/shop.live-tuning.com\/?product=hr-tieferlegungsfedern-mit-abe-va-15-ha-10-mm-7"},"modified":"2025-02-19T14:54:34","modified_gmt":"2025-02-19T14:54:34","slug":"hr-tieferlegungsfedern-mit-abe-va-15-ha-10-mm-7","status":"publish","type":"product","link":"https:\/\/shop.live-tuning.com\/?product=hr-tieferlegungsfedern-mit-abe-va-15-ha-10-mm-7","title":{"rendered":"Autotuner Tool Master"},"content":{"rendered":"<h3>Die H&amp;R Sportfederns\u00e4tze sind die ideale L\u00f6sung, wenn Sie das Handling Ihres Automobils optimieren und eine sportliche Optik unter Beibehaltung des serienm\u00e4\u00dfigen Fahrkomforts erzielen m\u00f6chten. In der Hauseigenen Entwicklungsabteilung konstruieren engagierte Fahrwerksingenieure unsere H&amp;R Sportfeders\u00e4tze bzw. Tieferlegungsfedern unter Einhaltung strenger gesetzlicher Bestimmungen und eigener Vorgaben. Hierbei stehen sportliche Performance und Optik sowie alltagstaugliche Fahrdynamik im Vordergrund. Ausgiebige Probefahrten und Einbauversuche sind Teil dieses Entwicklungsprozesses. Mit H&amp;R Federn haben Sie nur geringe Einbu\u00dfen im Fahrkomfort. Die Fertigung der H&amp;R Tieferlegungsfedern findet ausschlie\u00dflich im Stammwerk Lennestadt statt. Mit mehr als 1.450 verschiedenen Sportfeders\u00e4tzen verf\u00fcgt H&amp;R \u00fcber eines der umfangreichsten Fahrwerks-Zubeh\u00f6rprogramme weltweit. Nat\u00fcrlich Made in Germany !!!<\/h3>\n<p>Sportliche Optik und Performance<br \/>\nAbsenkung des Fahrzeugschwerpunkts<br \/>\nlineare oder progressive Federungscharakteristik<br \/>\nkombinierbar mit Serien oder Nachr\u00fcststo\u00dfd\u00e4mpfern<br \/>\nOptimierte Fahrdynamik<br \/>\nMit ABE oder Teilegutachten (siehe Hinweise)<br \/>\neigene Entwicklung<br \/>\neigene Fertigung in Deutschland (Made in Germany)<br \/>\nOberfl\u00e4chenschutz durch Pulverbeschichtung<\/p>\n<p>28878-2<\/p>\n<h4>BMW 4er F32 Coupe (Typ 3C, 07.13-06.20) f\u00fcr Fahrzeuge ab 966 kg VA-Last, inkl. AdaptiveDrive, ohne iX (Allrad)<\/h4>\n","protected":false},"excerpt":{"rendered":"<p>9874444444444444444444444444<\/p>\n<p>5555555555555555555555555555555555<\/p>\n","protected":false},"featured_media":902,"template":"","meta":[],"product_brand":[],"product_cat":[78,21],"product_tag":[],"class_list":{"0":"post-860","1":"product","2":"type-product","3":"status-publish","4":"has-post-thumbnail","6":"product_cat-audi","7":"product_cat-tieferlegungsfedern","9":"first","10":"instock","11":"taxable","12":"shipping-taxable","13":"product-type-simple"},"jetpack_sharing_enabled":true,"_links":{"self":[{"href":"https:\/\/shop.live-tuning.com\/index.php?rest_route=\/wp\/v2\/product\/860","targetHints":{"allow":["GET"]}}],"collection":[{"href":"https:\/\/shop.live-tuning.com\/index.php?rest_route=\/wp\/v2\/product"}],"about":[{"href":"https:\/\/shop.live-tuning.com\/index.php?rest_route=\/wp\/v2\/types\/product"}],"wp:featuredmedia":[{"embeddable":true,"href":"https:\/\/shop.live-tuning.com\/index.php?rest_route=\/wp\/v2\/media\/902"}],"wp:attachment":[{"href":"https:\/\/shop.live-tuning.com\/index.php?rest_route=%2Fwp%2Fv2%2Fmedia&parent=860"}],"wp:term":[{"taxonomy":"product_brand","embeddable":true,"href":"https:\/\/shop.live-tuning.com\/index.php?rest_route=%2Fwp%2Fv2%2Fproduct_brand&post=860"},{"taxonomy":"product_cat","embeddable":true,"href":"https:\/\/shop.live-tuning.com\/index.php?rest_route=%2Fwp%2Fv2%2Fproduct_cat&post=860"},{"taxonomy":"product_tag","embeddable":true,"href":"https:\/\/shop.live-tuning.com\/index.php?rest_route=%2Fwp%2Fv2%2Fproduct_tag&post=860"}],"curies":[{"name":"wp","href":"https:\/\/api.w.org\/{rel}","templated":true}]}}